[INFO] cloning repository https://github.com/Elzair/rust-roguelike-tutorial
[INFO] running `Command { std: "git" "-c" "credential.helper=" "-c" "credential.helper=/workspace/cargo-home/bin/git-credential-null" "clone" "--bare" "https://github.com/Elzair/rust-roguelike-tutorial" "/workspace/cache/git-repos/https%3A%2F%2Fgithub.com%2FElzair%2Frust-roguelike-tutorial", kill_on_drop: false }`
[INFO] [stderr] Cloning into bare repository '/workspace/cache/git-repos/https%3A%2F%2Fgithub.com%2FElzair%2Frust-roguelike-tutorial'...
[INFO] running `Command { std: "git" "rev-parse" "HEAD", kill_on_drop: false }`
[INFO] [stdout] 8e2dcf2209979d7c2a44a9950fc58750c171b932
[INFO] checking Elzair/rust-roguelike-tutorial against master#cfbc6d4cf1acbac5c025acf8ed68929caa551df3 for pr-75494-beta
[INFO] running `Command { std: "git" "clone" "/workspace/cache/git-repos/https%3A%2F%2Fgithub.com%2FElzair%2Frust-roguelike-tutorial" "/workspace/builds/worker-9/source", kill_on_drop: false }`
[INFO] [stderr] Cloning into '/workspace/builds/worker-9/source'...
[INFO] [stderr] done.
[INFO] validating manifest of git repo https://github.com/Elzair/rust-roguelike-tutorial on toolchain cfbc6d4cf1acbac5c025acf8ed68929caa551df3
[INFO] running `Command { std: "/workspace/cargo-home/bin/cargo" "+cfbc6d4cf1acbac5c025acf8ed68929caa551df3" "read-manifest" "--manifest-path" "Cargo.toml", kill_on_drop: false }`
[INFO] started tweaking git repo https://github.com/Elzair/rust-roguelike-tutorial
[INFO] finished tweaking git repo https://github.com/Elzair/rust-roguelike-tutorial
[INFO] tweaked toml for git repo https://github.com/Elzair/rust-roguelike-tutorial written to /workspace/builds/worker-9/source/Cargo.toml
[INFO] crate git repo https://github.com/Elzair/rust-roguelike-tutorial already has a lockfile, it will not be regenerated
[INFO] running `Command { std: "/workspace/cargo-home/bin/cargo" "+cfbc6d4cf1acbac5c025acf8ed68929caa551df3" "fetch" "--locked" "--manifest-path" "Cargo.toml", kill_on_drop: false }`
[INFO] [stderr]     Blocking waiting for file lock on package cache
[INFO] [stderr]  Downloading crates ...
[INFO] [stderr]   Downloaded ahash v0.2.18
[INFO] [stderr]   Downloaded hibitset v0.6.2
[INFO] [stderr]   Downloaded image v0.22.3
[INFO] [stderr]   Downloaded smallvec v1.1.0
[INFO] [stderr]   Downloaded core-video-sys v0.1.3
[INFO] [stderr]   Downloaded cocoa v0.19.1
[INFO] [stderr]   Downloaded glutin v0.22.0
[INFO] [stderr]   Downloaded jpeg-decoder v0.1.18
[INFO] [stderr]   Downloaded syn v1.0.13
[INFO] [stderr]   Downloaded num_cpus v1.11.1
[INFO] [stderr]   Downloaded instant v0.1.2
[INFO] [stderr]   Downloaded wide v0.4.3
[INFO] [stderr]   Downloaded miniz_oxide v0.3.5
[INFO] [stderr]   Downloaded tokio-executor v0.1.9
[INFO] [stderr]   Downloaded flate2 v1.0.13
[INFO] [stderr]   Downloaded glow v0.3.0-alpha4
[INFO] [stderr]   Downloaded dispatch v0.1.4
[INFO] [stderr]   Downloaded rusttype v0.8.2
[INFO] [stderr]   Downloaded specs v0.15.1
[INFO] [stderr]   Downloaded regex-syntax v0.6.13
[INFO] [stderr]   Downloaded tokio-timer v0.2.12
[INFO] [stderr]   Downloaded bytemuck v1.1.0
[INFO] [stderr]   Downloaded rltk v0.6.0
[INFO] [stderr]   Downloaded specs-derive v0.4.0
[INFO] [stderr]   Downloaded regex v1.3.2
[INFO] [stderr]   Downloaded hashbrown v0.6.3
[INFO] [stderr]   Downloaded smithay-client-toolkit v0.6.4
[INFO] [stderr]   Downloaded bumpalo v3.1.2
[INFO] [stderr]   Downloaded serde_json v1.0.44
[INFO] [stderr]   Downloaded ultraviolet v0.4.5
[INFO] [stderr]   Downloaded shred v0.9.4
[INFO] [stderr]   Downloaded const-random v0.1.6
[INFO] [stderr]   Downloaded winit v0.20.0
[INFO] [stderr]   Downloaded const-random-macro v0.1.6
[INFO] [stderr]   Downloaded proc-macro2 v1.0.7
[INFO] running `Command { std: "docker" "create" "-v" "/var/lib/crater-agent-workspace/builds/worker-9/target:/opt/rustwide/target:rw,Z" "-v" "/var/lib/crater-agent-workspace/builds/worker-9/source:/opt/rustwide/workdir:ro,Z" "-v" "/var/lib/crater-agent-workspace/cargo-home:/opt/rustwide/cargo-home:ro,Z" "-v" "/var/lib/crater-agent-workspace/rustup-home:/opt/rustwide/rustup-home:ro,Z" "-e" "SOURCE_DIR=/opt/rustwide/workdir" "-e" "CARGO_TARGET_DIR=/opt/rustwide/target" "-e" "CARGO_HOME=/opt/rustwide/cargo-home" "-e" "RUSTUP_HOME=/opt/rustwide/rustup-home" "-w" "/opt/rustwide/workdir" "-m" "1610612736" "--user" "0:0" "--network" "none" "rustops/crates-build-env@sha256:a636fd89d022f18117e1dc8fb37a0a009933cdbbe082814857f0e2024962d47c" "/opt/rustwide/cargo-home/bin/cargo" "+cfbc6d4cf1acbac5c025acf8ed68929caa551df3" "metadata" "--no-deps" "--format-version=1", kill_on_drop: false }`
[INFO] [stdout] 0189423ae70b3ad0cacf7fa9d68b0145ad51ea2ce055e4cf9f092827e3950de1
[INFO] [stderr] WARNING: Your kernel does not support swap limit capabilities or the cgroup is not mounted. Memory limited without swap.
[INFO] running `Command { std: "docker" "start" "-a" "0189423ae70b3ad0cacf7fa9d68b0145ad51ea2ce055e4cf9f092827e3950de1", kill_on_drop: false }`
[INFO] running `Command { std: "docker" "inspect" "0189423ae70b3ad0cacf7fa9d68b0145ad51ea2ce055e4cf9f092827e3950de1", kill_on_drop: false }`
[INFO] running `Command { std: "docker" "rm" "-f" "0189423ae70b3ad0cacf7fa9d68b0145ad51ea2ce055e4cf9f092827e3950de1", kill_on_drop: false }`
[INFO] [stdout] 0189423ae70b3ad0cacf7fa9d68b0145ad51ea2ce055e4cf9f092827e3950de1
[INFO] running `Command { std: "docker" "create" "-v" "/var/lib/crater-agent-workspace/builds/worker-9/target:/opt/rustwide/target:rw,Z" "-v" "/var/lib/crater-agent-workspace/builds/worker-9/source:/opt/rustwide/workdir:ro,Z" "-v" "/var/lib/crater-agent-workspace/cargo-home:/opt/rustwide/cargo-home:ro,Z" "-v" "/var/lib/crater-agent-workspace/rustup-home:/opt/rustwide/rustup-home:ro,Z" "-e" "SOURCE_DIR=/opt/rustwide/workdir" "-e" "CARGO_TARGET_DIR=/opt/rustwide/target" "-e" "CARGO_INCREMENTAL=0" "-e" "RUST_BACKTRACE=full" "-e" "RUSTFLAGS=--cap-lints=forbid" "-e" "CARGO_HOME=/opt/rustwide/cargo-home" "-e" "RUSTUP_HOME=/opt/rustwide/rustup-home" "-w" "/opt/rustwide/workdir" "-m" "1610612736" "--user" "0:0" "--network" "none" "rustops/crates-build-env@sha256:a636fd89d022f18117e1dc8fb37a0a009933cdbbe082814857f0e2024962d47c" "/opt/rustwide/cargo-home/bin/cargo" "+cfbc6d4cf1acbac5c025acf8ed68929caa551df3" "check" "--frozen" "--all" "--all-targets" "--message-format=json", kill_on_drop: false }`
[INFO] [stdout] 596e225b44b0eae14f9e3a0ac580d4649e7beeef34fc4f6004933826522d24a6
[INFO] [stderr] WARNING: Your kernel does not support swap limit capabilities or the cgroup is not mounted. Memory limited without swap.
[INFO] running `Command { std: "docker" "start" "-a" "596e225b44b0eae14f9e3a0ac580d4649e7beeef34fc4f6004933826522d24a6", kill_on_drop: false }`
[INFO] [stderr]    Compiling libc v0.2.66
[INFO] [stderr]    Compiling autocfg v0.1.7
[INFO] [stderr]     Checking cfg-if v0.1.10
[INFO] [stderr]     Checking lazy_static v1.4.0
[INFO] [stderr]    Compiling xml-rs v0.8.0
[INFO] [stderr]    Compiling semver-parser v0.7.0
[INFO] [stderr]    Compiling unicode-xid v0.1.0
[INFO] [stderr]    Compiling khronos_api v3.1.0
[INFO] [stderr]    Compiling unicode-xid v0.2.0
[INFO] [stderr]    Compiling bitflags v1.2.1
[INFO] [stderr]    Compiling syn v1.0.13
[INFO] [stderr]     Checking scopeguard v1.0.0
[INFO] [stderr]    Compiling cc v1.0.50
[INFO] [stderr]    Compiling ppv-lite86 v0.2.6
[INFO] [stderr]    Compiling pkg-config v0.3.17
[INFO] [stderr]     Checking same-file v1.0.5
[INFO] [stderr]    Compiling serde v1.0.104
[INFO] [stderr]    Compiling ryu v1.0.2
[INFO] [stderr]    Compiling wide v0.4.3
[INFO] [stderr]     Checking either v1.5.3
[INFO] [stderr]     Checking instant v0.1.2
[INFO] [stderr]     Checking bytemuck v1.1.0
[INFO] [stderr]     Checking itoa v0.4.4
[INFO] [stderr]     Checking regex-syntax v0.6.13
[INFO] [stderr]     Checking crossbeam-utils v0.6.6
[INFO] [stderr]     Checking thread_local v0.3.6
[INFO] [stderr]     Checking inflate v0.4.5
[INFO] [stderr]     Checking miniz_oxide v0.3.5
[INFO] [stderr]     Checking lock_api v0.3.3
[INFO] [stderr]     Checking walkdir v2.2.9
[INFO] [stderr]    Compiling semver v0.9.0
[INFO] [stderr]    Compiling log v0.4.8
[INFO] [stderr]    Compiling proc-macro2 v1.0.7
[INFO] [stderr]    Compiling proc-macro2 v0.4.30
[INFO] [stderr]     Checking crc32fast v1.2.0
[INFO] [stderr]     Checking crossbeam-queue v0.1.2
[INFO] [stderr]    Compiling num-traits v0.2.10
[INFO] [stderr]    Compiling crossbeam-utils v0.7.0
[INFO] [stderr]    Compiling crossbeam-epoch v0.8.0
[INFO] [stderr]    Compiling num-integer v0.1.41
[INFO] [stderr]    Compiling hashbrown v0.6.3
[INFO] [stderr]    Compiling num-rational v0.2.2
[INFO] [stderr]    Compiling num-iter v0.1.39
[INFO] [stderr]     Checking stb_truetype v0.3.1
[INFO] [stderr]     Checking deflate v0.7.20
[INFO] [stderr]     Checking jpeg-decoder v0.1.18
[INFO] [stderr]    Compiling c2-chacha v0.2.3
[INFO] [stderr]    Compiling rustc_version v0.2.3
[INFO] [stderr]    Compiling gl_generator v0.13.1
[INFO] [stderr]    Compiling gl_generator v0.11.0
[INFO] [stderr]    Compiling x11-dl v2.18.4
[INFO] [stderr]    Compiling quote v0.6.13
[INFO] [stderr]    Compiling quote v1.0.2
[INFO] [stderr]    Compiling getrandom v0.1.14
[INFO] [stderr]     Checking net2 v0.2.33
[INFO] [stderr]     Checking iovec v0.1.4
[INFO] [stderr]     Checking nix v0.14.1
[INFO] [stderr]     Checking num_cpus v1.11.1
[INFO] [stderr]     Checking parking_lot_core v0.7.0
[INFO] [stderr]     Checking memmap v0.7.0
[INFO] [stderr]     Checking shared_library v0.1.9
[INFO] [stderr]     Checking raw-window-handle v0.3.3
[INFO] [stderr]     Checking flate2 v1.0.13
[INFO] [stderr]     Checking png v0.15.3
[INFO] [stderr]    Compiling wayland-scanner v0.23.6
[INFO] [stderr]    Compiling syn v0.15.44
[INFO] [stderr]    Compiling memoffset v0.5.3
[INFO] [stderr]    Compiling parking_lot_core v0.6.2
[INFO] [stderr]    Compiling parking_lot v0.9.0
[INFO] [stderr]     Checking ultraviolet v0.4.5
[INFO] [stderr]    Compiling rand_core v0.5.1
[INFO] [stderr]     Checking mio v0.6.21
[INFO] [stderr]     Checking parking_lot v0.10.0
[INFO] [stderr]     Checking osmesa-sys v0.1.2
[INFO] [stderr]    Compiling libloading v0.5.2
[INFO] [stderr]     Checking crossbeam-queue v0.2.1
[INFO] [stderr]    Compiling rand_chacha v0.2.1
[INFO] [stderr]     Checking rand_xorshift v0.2.0
[INFO] [stderr]    Compiling glutin_egl_sys v0.1.4
[INFO] [stderr]    Compiling glow v0.3.0-alpha4
[INFO] [stderr]    Compiling rand v0.7.2
[INFO] [stderr]     Checking regex v1.3.2
[INFO] [stderr]     Checking approx v0.3.2
[INFO] [stderr]     Checking ordered-float v1.0.2
[INFO] [stderr]     Checking line_drawing v0.7.0
[INFO] [stderr]     Checking mio-extras v2.0.6
[INFO] [stderr]    Compiling glutin_glx_sys v0.1.5
[INFO] [stderr]     Checking crossbeam-deque v0.7.2
[INFO] [stderr]     Checking rusttype v0.8.2
[INFO] [stderr]     Checking dlib v0.4.1
[INFO] [stderr]     Checking wayland-sys v0.23.6
[INFO] [stderr]     Checking rayon-core v1.7.0
[INFO] [stderr]     Checking rusttype v0.7.9
[INFO] [stderr]     Checking image v0.22.3
[INFO] [stderr]     Checking andrew v0.2.1
[INFO] [stderr]     Checking rayon v1.3.0
[INFO] [stderr]    Compiling wayland-client v0.23.6
[INFO] [stderr]    Compiling wayland-protocols v0.23.6
[INFO] [stderr]     Checking calloop v0.4.4
[INFO] [stderr]     Checking wayland-commons v0.23.6
[INFO] [stderr]    Compiling derivative v1.0.3
[INFO] [stderr]    Compiling specs-derive v0.4.0
[INFO] [stderr]     Checking hibitset v0.6.2
[INFO] [stderr]    Compiling proc-macro-hack v0.5.11
[INFO] [stderr]    Compiling serde_derive v1.0.104
[INFO] [stderr]    Compiling const-random-macro v0.1.6
[INFO] [stderr]     Checking const-random v0.1.6
[INFO] [stderr]     Checking ahash v0.2.18
[INFO] [stderr]     Checking shred v0.9.4
[INFO] [stderr]     Checking smithay-client-toolkit v0.6.4
[INFO] [stderr]     Checking winit v0.20.0
[INFO] [stderr]     Checking glutin v0.22.0
[INFO] [stderr]     Checking serde_json v1.0.44
[INFO] [stderr]     Checking specs v0.15.1
[INFO] [stderr]     Checking rltk v0.6.0
[INFO] [stderr]     Checking helloroguelike v0.1.0 (/opt/rustwide/workdir)
[INFO] [stdout] warning: unused import: `rltk::RandomNumberGenerator`
[INFO] [stdout]  --> src/map_builders/mod.rs:1:5
[INFO] [stdout]   |
[INFO] [stdout] 1 | use rltk::RandomNumberGenerator;
[INFO] [stdout]   |     ^^^^^^^^^^^^^^^^^^^^^^^^^^^
[INFO] [stdout]   |
[INFO] [stdout]   = note: `#[warn(unused_imports)]` on by default
[INFO] [stdout] 
[INFO] [stdout] 
[INFO] [stdout] warning: unused import: `bsp_dungeon::BspDungeonBuilder`
[INFO] [stdout]  --> src/map_builders/mod.rs:9:5
[INFO] [stdout]   |
[INFO] [stdout] 9 | use bsp_dungeon::BspDungeonBuilder;
[INFO] [stdout]   |     ^^^^^^^^^^^^^^^^^^^^^^^^^^^^^^
[INFO] [stdout] 
[INFO] [stdout] 
[INFO] [stdout] warning: unused import: `bsp_interior::BspInteriorBuilder`
[INFO] [stdout]   --> src/map_builders/mod.rs:11:5
[INFO] [stdout]    |
[INFO] [stdout] 11 | use bsp_interior::BspInteriorBuilder;
[INFO] [stdout]    |     ^^^^^^^^^^^^^^^^^^^^^^^^^^^^^^^^
[INFO] [stdout] 
[INFO] [stdout] 
[INFO] [stdout] warning: unused import: `dla::DLABuilder`
[INFO] [stdout]   --> src/map_builders/mod.rs:16:5
[INFO] [stdout]    |
[INFO] [stdout] 16 | use dla::DLABuilder;
[INFO] [stdout]    |     ^^^^^^^^^^^^^^^
[INFO] [stdout] 
[INFO] [stdout] 
[INFO] [stdout] warning: unused import: `drunkard::DrunkardsWalkBuilder`
[INFO] [stdout]   --> src/map_builders/mod.rs:18:5
[INFO] [stdout]    |
[INFO] [stdout] 18 | use drunkard::DrunkardsWalkBuilder;
[INFO] [stdout]    |     ^^^^^^^^^^^^^^^^^^^^^^^^^^^^^^
[INFO] [stdout] 
[INFO] [stdout] 
[INFO] [stdout] warning: unused import: `maze::MazeBuilder`
[INFO] [stdout]   --> src/map_builders/mod.rs:20:5
[INFO] [stdout]    |
[INFO] [stdout] 20 | use maze::MazeBuilder;
[INFO] [stdout]    |     ^^^^^^^^^^^^^^^^^
[INFO] [stdout] 
[INFO] [stdout] 
[INFO] [stdout] warning: unused import: `RandomNumberGenerator`
[INFO] [stdout]  --> src/map_builders/prefab_builder/mod.rs:1:21
[INFO] [stdout]   |
[INFO] [stdout] 1 | use rltk::{console, RandomNumberGenerator};
[INFO] [stdout]   |                     ^^^^^^^^^^^^^^^^^^^^^
[INFO] [stdout] 
[INFO] [stdout] 
[INFO] [stdout] warning: unused import: `common`
[INFO] [stdout]  --> src/map_builders/prefab_builder/mod.rs:7:13
[INFO] [stdout]   |
[INFO] [stdout] 7 | use super::{common, MapBuilder};
[INFO] [stdout]   |             ^^^^^^
[INFO] [stdout] 
[INFO] [stdout] 
[INFO] [stdout] warning: unused import: `simple_map::SimpleMapBuilder`
[INFO] [stdout]   --> src/map_builders/mod.rs:24:5
[INFO] [stdout]    |
[INFO] [stdout] 24 | use simple_map::SimpleMapBuilder;
[INFO] [stdout]    |     ^^^^^^^^^^^^^^^^^^^^^^^^^^^^
[INFO] [stdout] 
[INFO] [stdout] 
[INFO] [stdout] warning: unused import: `voronoi::VoronoiCellBuilder`
[INFO] [stdout]   --> src/map_builders/mod.rs:26:5
[INFO] [stdout]    |
[INFO] [stdout] 26 | use voronoi::VoronoiCellBuilder;
[INFO] [stdout]    |     ^^^^^^^^^^^^^^^^^^^^^^^^^^^
[INFO] [stdout] 
[INFO] [stdout] 
[INFO] [stdout] warning: unused import: `waveform_collapse::WaveformCollapseBuilder`
[INFO] [stdout]   --> src/map_builders/mod.rs:28:5
[INFO] [stdout]    |
[INFO] [stdout] 28 | use waveform_collapse::WaveformCollapseBuilder;
[INFO] [stdout]    |     ^^^^^^^^^^^^^^^^^^^^^^^^^^^^^^^^^^^^^^^^^^
[INFO] [stdout] 
[INFO] [stdout] 
[INFO] [stdout] warning: unused import: `rltk::RandomNumberGenerator`
[INFO] [stdout]  --> src/map_builders/mod.rs:1:5
[INFO] [stdout]   |
[INFO] [stdout] 1 | use rltk::RandomNumberGenerator;
[INFO] [stdout]   |     ^^^^^^^^^^^^^^^^^^^^^^^^^^^
[INFO] [stdout]   |
[INFO] [stdout]   = note: `#[warn(unused_imports)]` on by default
[INFO] [stdout] 
[INFO] [stdout] 
[INFO] [stdout] warning: unused import: `bsp_dungeon::BspDungeonBuilder`
[INFO] [stdout]  --> src/map_builders/mod.rs:9:5
[INFO] [stdout]   |
[INFO] [stdout] 9 | use bsp_dungeon::BspDungeonBuilder;
[INFO] [stdout]   |     ^^^^^^^^^^^^^^^^^^^^^^^^^^^^^^
[INFO] [stdout] 
[INFO] [stdout] 
[INFO] [stdout] warning: unused import: `bsp_interior::BspInteriorBuilder`
[INFO] [stdout]   --> src/map_builders/mod.rs:11:5
[INFO] [stdout]    |
[INFO] [stdout] 11 | use bsp_interior::BspInteriorBuilder;
[INFO] [stdout]    |     ^^^^^^^^^^^^^^^^^^^^^^^^^^^^^^^^
[INFO] [stdout] 
[INFO] [stdout] 
[INFO] [stdout] warning: unused import: `dla::DLABuilder`
[INFO] [stdout]   --> src/map_builders/mod.rs:16:5
[INFO] [stdout]    |
[INFO] [stdout] 16 | use dla::DLABuilder;
[INFO] [stdout]    |     ^^^^^^^^^^^^^^^
[INFO] [stdout] 
[INFO] [stdout] 
[INFO] [stdout] warning: unused import: `drunkard::DrunkardsWalkBuilder`
[INFO] [stdout]   --> src/map_builders/mod.rs:18:5
[INFO] [stdout]    |
[INFO] [stdout] 18 | use drunkard::DrunkardsWalkBuilder;
[INFO] [stdout]    |     ^^^^^^^^^^^^^^^^^^^^^^^^^^^^^^
[INFO] [stdout] 
[INFO] [stdout] 
[INFO] [stdout] warning: unused import: `maze::MazeBuilder`
[INFO] [stdout]   --> src/map_builders/mod.rs:20:5
[INFO] [stdout]    |
[INFO] [stdout] 20 | use maze::MazeBuilder;
[INFO] [stdout]    |     ^^^^^^^^^^^^^^^^^
[INFO] [stdout] 
[INFO] [stdout] 
[INFO] [stdout] warning: unused import: `RandomNumberGenerator`
[INFO] [stdout]  --> src/map_builders/prefab_builder/mod.rs:1:21
[INFO] [stdout]   |
[INFO] [stdout] 1 | use rltk::{console, RandomNumberGenerator};
[INFO] [stdout]   |                     ^^^^^^^^^^^^^^^^^^^^^
[INFO] [stdout] 
[INFO] [stdout] 
[INFO] [stdout] warning: unused import: `common`
[INFO] [stdout]  --> src/map_builders/prefab_builder/mod.rs:7:13
[INFO] [stdout]   |
[INFO] [stdout] 7 | use super::{common, MapBuilder};
[INFO] [stdout]   |             ^^^^^^
[INFO] [stdout] 
[INFO] [stdout] 
[INFO] [stdout] warning: unused import: `simple_map::SimpleMapBuilder`
[INFO] [stdout]   --> src/map_builders/mod.rs:24:5
[INFO] [stdout]    |
[INFO] [stdout] 24 | use simple_map::SimpleMapBuilder;
[INFO] [stdout]    |     ^^^^^^^^^^^^^^^^^^^^^^^^^^^^
[INFO] [stdout] 
[INFO] [stdout] 
[INFO] [stdout] warning: unused import: `voronoi::VoronoiCellBuilder`
[INFO] [stdout]   --> src/map_builders/mod.rs:26:5
[INFO] [stdout]    |
[INFO] [stdout] 26 | use voronoi::VoronoiCellBuilder;
[INFO] [stdout]    |     ^^^^^^^^^^^^^^^^^^^^^^^^^^^
[INFO] [stdout] 
[INFO] [stdout] 
[INFO] [stdout] warning: unused import: `waveform_collapse::WaveformCollapseBuilder`
[INFO] [stdout]   --> src/map_builders/mod.rs:28:5
[INFO] [stdout]    |
[INFO] [stdout] 28 | use waveform_collapse::WaveformCollapseBuilder;
[INFO] [stdout]    |     ^^^^^^^^^^^^^^^^^^^^^^^^^^^^^^^^^^^^^^^^^^
[INFO] [stdout] 
[INFO] [stdout] 
[INFO] [stdout] error[E0046]: not all trait items implemented, missing: `get_spawn_list`
[INFO] [stdout]    --> src/map_builders/dla.rs:225:1
[INFO] [stdout]     |
[INFO] [stdout] 225 | impl MapBuilder for DLABuilder {
[INFO] [stdout]     | ^^^^^^^^^^^^^^^^^^^^^^^^^^^^^^ missing `get_spawn_list` in implementation
[INFO] [stdout]     | 
[INFO] [stdout]    ::: src/map_builders/mod.rs:34:5
[INFO] [stdout]     |
[INFO] [stdout] 34  |     fn get_spawn_list(&self) -> &Vec<(usize, String)>;
[INFO] [stdout]     |     -------------------------------------------------- `get_spawn_list` from trait
[INFO] [stdout] 
[INFO] [stdout] 
[INFO] [stdout] error[E0046]: not all trait items implemented, missing: `get_spawn_list`
[INFO] [stdout]    --> src/map_builders/drunkard.rs:225:1
[INFO] [stdout]     |
[INFO] [stdout] 225 | impl MapBuilder for DrunkardsWalkBuilder {
[INFO] [stdout]     | ^^^^^^^^^^^^^^^^^^^^^^^^^^^^^^^^^^^^^^^^ missing `get_spawn_list` in implementation
[INFO] [stdout]     | 
[INFO] [stdout]    ::: src/map_builders/mod.rs:34:5
[INFO] [stdout]     |
[INFO] [stdout] 34  |     fn get_spawn_list(&self) -> &Vec<(usize, String)>;
[INFO] [stdout]     |     -------------------------------------------------- `get_spawn_list` from trait
[INFO] [stdout] 
[INFO] [stdout] 
[INFO] [stdout] error[E0046]: not all trait items implemented, missing: `get_spawn_list`
[INFO] [stdout]    --> src/map_builders/maze.rs:241:1
[INFO] [stdout]     |
[INFO] [stdout] 241 | impl MapBuilder for MazeBuilder {
[INFO] [stdout]     | ^^^^^^^^^^^^^^^^^^^^^^^^^^^^^^^ missing `get_spawn_list` in implementation
[INFO] [stdout]     | 
[INFO] [stdout]    ::: src/map_builders/mod.rs:34:5
[INFO] [stdout]     |
[INFO] [stdout] 34  |     fn get_spawn_list(&self) -> &Vec<(usize, String)>;
[INFO] [stdout]     |     -------------------------------------------------- `get_spawn_list` from trait
[INFO] [stdout] 
[INFO] [stdout] 
[INFO] [stdout] error[E0046]: not all trait items implemented, missing: `get_spawn_list`
[INFO] [stdout]    --> src/map_builders/prefab_builder/mod.rs:194:1
[INFO] [stdout]     |
[INFO] [stdout] 194 | impl MapBuilder for PrefabBuilder {
[INFO] [stdout]     | ^^^^^^^^^^^^^^^^^^^^^^^^^^^^^^^^^ missing `get_spawn_list` in implementation
[INFO] [stdout]     | 
[INFO] [stdout]    ::: src/map_builders/mod.rs:34:5
[INFO] [stdout]     |
[INFO] [stdout] 34  |     fn get_spawn_list(&self) -> &Vec<(usize, String)>;
[INFO] [stdout]     |     -------------------------------------------------- `get_spawn_list` from trait
[INFO] [stdout] 
[INFO] [stdout] 
[INFO] [stdout] error[E0046]: not all trait items implemented, missing: `get_spawn_list`
[INFO] [stdout]    --> src/map_builders/waveform_collapse/mod.rs:131:1
[INFO] [stdout]     |
[INFO] [stdout] 131 | impl MapBuilder for WaveformCollapseBuilder {
[INFO] [stdout]     | ^^^^^^^^^^^^^^^^^^^^^^^^^^^^^^^^^^^^^^^^^^^ missing `get_spawn_list` in implementation
[INFO] [stdout]     | 
[INFO] [stdout]    ::: src/map_builders/mod.rs:34:5
[INFO] [stdout]     |
[INFO] [stdout] 34  |     fn get_spawn_list(&self) -> &Vec<(usize, String)>;
[INFO] [stdout]     |     -------------------------------------------------- `get_spawn_list` from trait
[INFO] [stdout] 
[INFO] [stdout] 
[INFO] [stdout] error[E0046]: not all trait items implemented, missing: `get_spawn_list`
[INFO] [stdout]    --> src/map_builders/dla.rs:225:1
[INFO] [stdout]     |
[INFO] [stdout] 225 | impl MapBuilder for DLABuilder {
[INFO] [stdout]     | ^^^^^^^^^^^^^^^^^^^^^^^^^^^^^^ missing `get_spawn_list` in implementation
[INFO] [stdout]     | 
[INFO] [stdout]    ::: src/map_builders/mod.rs:34:5
[INFO] [stdout]     |
[INFO] [stdout] 34  |     fn get_spawn_list(&self) -> &Vec<(usize, String)>;
[INFO] [stdout]     |     -------------------------------------------------- `get_spawn_list` from trait
[INFO] [stdout] 
[INFO] [stdout] 
[INFO] [stdout] error[E0046]: not all trait items implemented, missing: `get_spawn_list`
[INFO] [stdout]    --> src/map_builders/drunkard.rs:225:1
[INFO] [stdout]     |
[INFO] [stdout] 225 | impl MapBuilder for DrunkardsWalkBuilder {
[INFO] [stdout]     | ^^^^^^^^^^^^^^^^^^^^^^^^^^^^^^^^^^^^^^^^ missing `get_spawn_list` in implementation
[INFO] [stdout]     | 
[INFO] [stdout]    ::: src/map_builders/mod.rs:34:5
[INFO] [stdout]     |
[INFO] [stdout] 34  |     fn get_spawn_list(&self) -> &Vec<(usize, String)>;
[INFO] [stdout]     |     -------------------------------------------------- `get_spawn_list` from trait
[INFO] [stdout] 
[INFO] [stdout] 
[INFO] [stdout] error[E0046]: not all trait items implemented, missing: `get_spawn_list`
[INFO] [stdout]    --> src/map_builders/maze.rs:241:1
[INFO] [stdout]     |
[INFO] [stdout] 241 | impl MapBuilder for MazeBuilder {
[INFO] [stdout]     | ^^^^^^^^^^^^^^^^^^^^^^^^^^^^^^^ missing `get_spawn_list` in implementation
[INFO] [stdout]     | 
[INFO] [stdout]    ::: src/map_builders/mod.rs:34:5
[INFO] [stdout]     |
[INFO] [stdout] 34  |     fn get_spawn_list(&self) -> &Vec<(usize, String)>;
[INFO] [stdout]     |     -------------------------------------------------- `get_spawn_list` from trait
[INFO] [stdout] 
[INFO] [stdout] 
[INFO] [stdout] error[E0046]: not all trait items implemented, missing: `get_spawn_list`
[INFO] [stdout]    --> src/map_builders/prefab_builder/mod.rs:194:1
[INFO] [stdout]     |
[INFO] [stdout] 194 | impl MapBuilder for PrefabBuilder {
[INFO] [stdout]     | ^^^^^^^^^^^^^^^^^^^^^^^^^^^^^^^^^ missing `get_spawn_list` in implementation
[INFO] [stdout]     | 
[INFO] [stdout]    ::: src/map_builders/mod.rs:34:5
[INFO] [stdout]     |
[INFO] [stdout] 34  |     fn get_spawn_list(&self) -> &Vec<(usize, String)>;
[INFO] [stdout]     |     -------------------------------------------------- `get_spawn_list` from trait
[INFO] [stdout] 
[INFO] [stdout] 
[INFO] [stdout] error[E0046]: not all trait items implemented, missing: `get_spawn_list`
[INFO] [stdout]    --> src/map_builders/waveform_collapse/mod.rs:131:1
[INFO] [stdout]     |
[INFO] [stdout] 131 | impl MapBuilder for WaveformCollapseBuilder {
[INFO] [stdout]     | ^^^^^^^^^^^^^^^^^^^^^^^^^^^^^^^^^^^^^^^^^^^ missing `get_spawn_list` in implementation
[INFO] [stdout]     | 
[INFO] [stdout]    ::: src/map_builders/mod.rs:34:5
[INFO] [stdout]     |
[INFO] [stdout] 34  |     fn get_spawn_list(&self) -> &Vec<(usize, String)>;
[INFO] [stdout]     |     -------------------------------------------------- `get_spawn_list` from trait
[INFO] [stdout] 
[INFO] [stdout] 
[INFO] [stdout] error[E0061]: this function takes 5 arguments but 3 arguments were supplied
[INFO] [stdout]    --> src/map_builders/dla.rs:244:13
[INFO] [stdout]     |
[INFO] [stdout] 244 |               spawner::spawn_region(ecs, area.1, self.depth);
[INFO] [stdout]     |               ^^^^^^^^^^^^^^^^^^^^^ ---  ------  ---------- supplied 3 arguments
[INFO] [stdout]     |               |
[INFO] [stdout]     |               expected 5 arguments
[INFO] [stdout]     | 
[INFO] [stdout]    ::: src/spawner.rs:79:1
[INFO] [stdout]     |
[INFO] [stdout] 79  | / pub fn spawn_region(
[INFO] [stdout] 80  | |     map: &Map,
[INFO] [stdout] 81  | |     rng: &mut RandomNumberGenerator,
[INFO] [stdout] 82  | |     area: &[usize],
[INFO] [stdout] ...   |
[INFO] [stdout] 112 | |     }
[INFO] [stdout] 113 | | }
[INFO] [stdout]     | |_- defined here
[INFO] [stdout] 
[INFO] [stdout] 
[INFO] [stdout] error[E0061]: this function takes 5 arguments but 3 arguments were supplied
[INFO] [stdout]    --> src/map_builders/drunkard.rs:244:13
[INFO] [stdout]     |
[INFO] [stdout] 244 |               spawner::spawn_region(ecs, area.1, self.depth);
[INFO] [stdout]     |               ^^^^^^^^^^^^^^^^^^^^^ ---  ------  ---------- supplied 3 arguments
[INFO] [stdout]     |               |
[INFO] [stdout]     |               expected 5 arguments
[INFO] [stdout]     | 
[INFO] [stdout]    ::: src/spawner.rs:79:1
[INFO] [stdout]     |
[INFO] [stdout] 79  | / pub fn spawn_region(
[INFO] [stdout] 80  | |     map: &Map,
[INFO] [stdout] 81  | |     rng: &mut RandomNumberGenerator,
[INFO] [stdout] 82  | |     area: &[usize],
[INFO] [stdout] ...   |
[INFO] [stdout] 112 | |     }
[INFO] [stdout] 113 | | }
[INFO] [stdout]     | |_- defined here
[INFO] [stdout] 
[INFO] [stdout] 
[INFO] [stdout] error[E0061]: this function takes 5 arguments but 3 arguments were supplied
[INFO] [stdout]    --> src/map_builders/maze.rs:260:13
[INFO] [stdout]     |
[INFO] [stdout] 260 |               spawner::spawn_region(ecs, area.1, self.depth);
[INFO] [stdout]     |               ^^^^^^^^^^^^^^^^^^^^^ ---  ------  ---------- supplied 3 arguments
[INFO] [stdout]     |               |
[INFO] [stdout]     |               expected 5 arguments
[INFO] [stdout]     | 
[INFO] [stdout]    ::: src/spawner.rs:79:1
[INFO] [stdout]     |
[INFO] [stdout] 79  | / pub fn spawn_region(
[INFO] [stdout] 80  | |     map: &Map,
[INFO] [stdout] 81  | |     rng: &mut RandomNumberGenerator,
[INFO] [stdout] 82  | |     area: &[usize],
[INFO] [stdout] ...   |
[INFO] [stdout] 112 | |     }
[INFO] [stdout] 113 | | }
[INFO] [stdout]     | |_- defined here
[INFO] [stdout] 
[INFO] [stdout] 
[INFO] [stdout] error[E0063]: missing field `spawn_list` in initializer of `map_builders::voronoi::VoronoiCellBuilder`
[INFO] [stdout]    --> src/map_builders/voronoi.rs:144:9
[INFO] [stdout]     |
[INFO] [stdout] 144 |         VoronoiCellBuilder {
[INFO] [stdout]     |         ^^^^^^^^^^^^^^^^^^ missing `spawn_list`
[INFO] [stdout] 
[INFO] [stdout] 
[INFO] [stdout] error[E0063]: missing field `spawn_list` in initializer of `map_builders::voronoi::VoronoiCellBuilder`
[INFO] [stdout]    --> src/map_builders/voronoi.rs:158:9
[INFO] [stdout]     |
[INFO] [stdout] 158 |         VoronoiCellBuilder {
[INFO] [stdout]     |         ^^^^^^^^^^^^^^^^^^ missing `spawn_list`
[INFO] [stdout] 
[INFO] [stdout] 
[INFO] [stdout] error[E0063]: missing field `spawn_list` in initializer of `map_builders::voronoi::VoronoiCellBuilder`
[INFO] [stdout]    --> src/map_builders/voronoi.rs:172:9
[INFO] [stdout]     |
[INFO] [stdout] 172 |         VoronoiCellBuilder {
[INFO] [stdout]     |         ^^^^^^^^^^^^^^^^^^ missing `spawn_list`
[INFO] [stdout] 
[INFO] [stdout] 
[INFO] [stdout] error[E0061]: this function takes 5 arguments but 3 arguments were supplied
[INFO] [stdout]    --> src/map_builders/waveform_collapse/mod.rs:150:13
[INFO] [stdout]     |
[INFO] [stdout] 150 |               spawner::spawn_region(ecs, area.1, self.depth);
[INFO] [stdout]     |               ^^^^^^^^^^^^^^^^^^^^^ ---  ------  ---------- supplied 3 arguments
[INFO] [stdout]     |               |
[INFO] [stdout]     |               expected 5 arguments
[INFO] [stdout]     | 
[INFO] [stdout]    ::: src/spawner.rs:79:1
[INFO] [stdout]     |
[INFO] [stdout] 79  | / pub fn spawn_region(
[INFO] [stdout] 80  | |     map: &Map,
[INFO] [stdout] 81  | |     rng: &mut RandomNumberGenerator,
[INFO] [stdout] 82  | |     area: &[usize],
[INFO] [stdout] ...   |
[INFO] [stdout] 112 | |     }
[INFO] [stdout] 113 | | }
[INFO] [stdout]     | |_- defined here
[INFO] [stdout] 
[INFO] [stdout] 
[INFO] [stdout] error[E0061]: this function takes 5 arguments but 3 arguments were supplied
[INFO] [stdout]    --> src/map_builders/dla.rs:244:13
[INFO] [stdout]     |
[INFO] [stdout] 244 |               spawner::spawn_region(ecs, area.1, self.depth);
[INFO] [stdout]     |               ^^^^^^^^^^^^^^^^^^^^^ ---  ------  ---------- supplied 3 arguments
[INFO] [stdout]     |               |
[INFO] [stdout]     |               expected 5 arguments
[INFO] [stdout]     | 
[INFO] [stdout]    ::: src/spawner.rs:79:1
[INFO] [stdout]     |
[INFO] [stdout] 79  | / pub fn spawn_region(
[INFO] [stdout] 80  | |     map: &Map,
[INFO] [stdout] 81  | |     rng: &mut RandomNumberGenerator,
[INFO] [stdout] 82  | |     area: &[usize],
[INFO] [stdout] ...   |
[INFO] [stdout] 112 | |     }
[INFO] [stdout] 113 | | }
[INFO] [stdout]     | |_- defined here
[INFO] [stdout] 
[INFO] [stdout] 
[INFO] [stdout] error[E0061]: this function takes 5 arguments but 3 arguments were supplied
[INFO] [stdout]    --> src/map_builders/drunkard.rs:244:13
[INFO] [stdout]     |
[INFO] [stdout] 244 |               spawner::spawn_region(ecs, area.1, self.depth);
[INFO] [stdout]     |               ^^^^^^^^^^^^^^^^^^^^^ ---  ------  ---------- supplied 3 arguments
[INFO] [stdout]     |               |
[INFO] [stdout]     |               expected 5 arguments
[INFO] [stdout]     | 
[INFO] [stdout]    ::: src/spawner.rs:79:1
[INFO] [stdout]     |
[INFO] [stdout] 79  | / pub fn spawn_region(
[INFO] [stdout] 80  | |     map: &Map,
[INFO] [stdout] 81  | |     rng: &mut RandomNumberGenerator,
[INFO] [stdout] 82  | |     area: &[usize],
[INFO] [stdout] ...   |
[INFO] [stdout] 112 | |     }
[INFO] [stdout] 113 | | }
[INFO] [stdout]     | |_- defined here
[INFO] [stdout] 
[INFO] [stdout] 
[INFO] [stdout] error[E0061]: this function takes 5 arguments but 3 arguments were supplied
[INFO] [stdout]    --> src/map_builders/maze.rs:260:13
[INFO] [stdout]     |
[INFO] [stdout] 260 |               spawner::spawn_region(ecs, area.1, self.depth);
[INFO] [stdout]     |               ^^^^^^^^^^^^^^^^^^^^^ ---  ------  ---------- supplied 3 arguments
[INFO] [stdout]     |               |
[INFO] [stdout]     |               expected 5 arguments
[INFO] [stdout]     | 
[INFO] [stdout]    ::: src/spawner.rs:79:1
[INFO] [stdout]     |
[INFO] [stdout] 79  | / pub fn spawn_region(
[INFO] [stdout] 80  | |     map: &Map,
[INFO] [stdout] 81  | |     rng: &mut RandomNumberGenerator,
[INFO] [stdout] 82  | |     area: &[usize],
[INFO] [stdout] ...   |
[INFO] [stdout] 112 | |     }
[INFO] [stdout] 113 | | }
[INFO] [stdout]     | |_- defined here
[INFO] [stdout] 
[INFO] [stdout] 
[INFO] [stdout] error[E0063]: missing field `spawn_list` in initializer of `map_builders::voronoi::VoronoiCellBuilder`
[INFO] [stdout]    --> src/map_builders/voronoi.rs:144:9
[INFO] [stdout]     |
[INFO] [stdout] 144 |         VoronoiCellBuilder {
[INFO] [stdout]     |         ^^^^^^^^^^^^^^^^^^ missing `spawn_list`
[INFO] [stdout] 
[INFO] [stdout] 
[INFO] [stdout] error[E0063]: missing field `spawn_list` in initializer of `map_builders::voronoi::VoronoiCellBuilder`
[INFO] [stdout]    --> src/map_builders/voronoi.rs:158:9
[INFO] [stdout]     |
[INFO] [stdout] 158 |         VoronoiCellBuilder {
[INFO] [stdout]     |         ^^^^^^^^^^^^^^^^^^ missing `spawn_list`
[INFO] [stdout] 
[INFO] [stdout] 
[INFO] [stdout] error[E0063]: missing field `spawn_list` in initializer of `map_builders::voronoi::VoronoiCellBuilder`
[INFO] [stdout]    --> src/map_builders/voronoi.rs:172:9
[INFO] [stdout]     |
[INFO] [stdout] 172 |         VoronoiCellBuilder {
[INFO] [stdout]     |         ^^^^^^^^^^^^^^^^^^ missing `spawn_list`
[INFO] [stdout] 
[INFO] [stdout] 
[INFO] [stdout] error[E0061]: this function takes 5 arguments but 3 arguments were supplied
[INFO] [stdout]    --> src/map_builders/waveform_collapse/mod.rs:150:13
[INFO] [stdout]     |
[INFO] [stdout] 150 |               spawner::spawn_region(ecs, area.1, self.depth);
[INFO] [stdout]     |               ^^^^^^^^^^^^^^^^^^^^^ ---  ------  ---------- supplied 3 arguments
[INFO] [stdout]     |               |
[INFO] [stdout]     |               expected 5 arguments
[INFO] [stdout]     | 
[INFO] [stdout]    ::: src/spawner.rs:79:1
[INFO] [stdout]     |
[INFO] [stdout] 79  | / pub fn spawn_region(
[INFO] [stdout] 80  | |     map: &Map,
[INFO] [stdout] 81  | |     rng: &mut RandomNumberGenerator,
[INFO] [stdout] 82  | |     area: &[usize],
[INFO] [stdout] ...   |
[INFO] [stdout] 112 | |     }
[INFO] [stdout] 113 | | }
[INFO] [stdout]     | |_- defined here
[INFO] [stdout] 
[INFO] [stdout] 
[INFO] [stdout] warning: unused import: `specs::prelude`
[INFO] [stdout]  --> src/map_builders/voronoi.rs:2:5
[INFO] [stdout]   |
[INFO] [stdout] 2 | use specs::prelude::*;
[INFO] [stdout]   |     ^^^^^^^^^^^^^^
[INFO] [stdout] 
[INFO] [stdout] 
[INFO] [stdout] error: aborting due to 12 previous errors; 12 warnings emitted
[INFO] [stdout] 
[INFO] [stdout] 
[INFO] [stdout] Some errors have detailed explanations: E0046, E0061, E0063.
[INFO] [stdout] 
[INFO] [stdout] For more information about an error, try `rustc --explain E0046`.
[INFO] [stdout] 
[INFO] [stderr] error: could not compile `helloroguelike`.
[INFO] [stderr] 
[INFO] [stderr] To learn more, run the command again with --verbose.
[INFO] [stderr] warning: build failed, waiting for other jobs to finish...
[INFO] [stdout] warning: unused import: `specs::prelude`
[INFO] [stdout]  --> src/map_builders/voronoi.rs:2:5
[INFO] [stdout]   |
[INFO] [stdout] 2 | use specs::prelude::*;
[INFO] [stdout]   |     ^^^^^^^^^^^^^^
[INFO] [stdout] 
[INFO] [stdout] 
[INFO] [stdout] error: aborting due to 12 previous errors; 12 warnings emitted
[INFO] [stdout] 
[INFO] [stdout] 
[INFO] [stdout] Some errors have detailed explanations: E0046, E0061, E0063.
[INFO] [stdout] 
[INFO] [stdout] For more information about an error, try `rustc --explain E0046`.
[INFO] [stdout] 
[INFO] [stderr] error: build failed
[INFO] running `Command { std: "docker" "inspect" "596e225b44b0eae14f9e3a0ac580d4649e7beeef34fc4f6004933826522d24a6", kill_on_drop: false }`
[INFO] running `Command { std: "docker" "rm" "-f" "596e225b44b0eae14f9e3a0ac580d4649e7beeef34fc4f6004933826522d24a6", kill_on_drop: false }`
[INFO] [stdout] 596e225b44b0eae14f9e3a0ac580d4649e7beeef34fc4f6004933826522d24a6
